*u - w. What is the remainder when l is divided by (-82)/(-4)*2/1?
40
Let k(s) = s**3 + 6*s**2 - 28*s + 21. Calculate the remainder when 87 is divided by k(-9).
27
Suppose -2*w - 4 + 8 = 0. Suppose -v + 0 = -2, -2*v - 54 = -w*r. Calculate the remainder when 85 is divided by r.
27
Suppose -z - 3*p = 15, 0 = -2*z - 4*p + p - 15. Suppose -13*q + 8*q + 160 = z. Suppose -k + 12 = -q. Calculate the remainder when k is divided by 9.
8
Let l = 1126 + -1049. Calculate the remainder when 190 is divided by l.
36
Let y(l) = 6*l - 12. Let i be y(4). Suppose -80 = -5*u - 2*s + s, u + s = i. Calculate the remainder when 101 is divided by u.
16
Suppose 9*g = 19*g - 900. What is the remainder when g is divided by 34?
22
Suppose -y - 5*k = 19, 0*k = 2*k + 10. Suppose y*t - t = 105. What is the remainder when t is divided by 12?
9
Suppose 3*z + 6*t = t + 82, -t + 5 = 0. Let d = z - 0. What is the remainder when d is divided by (-4 - -3)/(1/(-11))?
8
Let u be -1*((-9 - -5) + 4). Calculate the remainder when 35 is divided by (-18)/(4/(-4)) + u.
17
Let y(t) = t**3 + 7*t**2 + 4*t + 11. Let s = 108 + 29. What is the remainder when s is divided by y(-6)?
22
Suppose 0 = -b + 3*i + 14, 0 = -2*b + 4*b + 5*i - 28. What is the remainder when 33 is divided by (-7)/b + 38/4?
6
Suppose 6*p + 1272 = 3*b + p, 414 = b - 5*p. Calculate the remainder when b is divided by 43.
42
Let l(u) = -8*u + 2. What is the remainder when 124 is divided by l(-2)?
16
Let h(a) = 22*a**2 - 5*a - 12. Calculate the remainder when h(3) is divided by 40.
11
Calculate the remainder when 209 is divided by -10*1*((-693)/35 + 11).
33
Let m be (3 - 4)/((-2)/6) - -51. Let q = 18 + m. What is the remainder when q is divided by 15?
12
Let z = -34 + 29. What is the remainder when 2/z + 2185/25 is divided by 15?
12
Suppose 0 = -18*p + 10*p + 208. Suppose 5*g - 651 = 4*j, 3*g + 2*j - 500 = -g. Calculate the remainder when g is divided by p.
23
Suppose 3*q + 80 = 3*b - 193, -2*b - 4*q + 212 = 0. Calculate the remainder when b is divided by 13.
5
Let l(z) = z - 9. Let q(s) = -s + 9. Let t(o) = -3*l(o) - 2*q(o). Let j = 116 + -109. What is the remainder when 5 is divided by t(j)?
1
Let v = 98 + -73. What is the remainder when (16/6)/(4/72) is divided by v?
23
Suppose 5*x = x + 76. Calculate the remainder when (-6)/4*11242/(-231) is divided by x.
16
Let v(h) = -h**2 + 10*h + 3. Let k be v(7). Let z = k - 20. Suppose -5*w = z*a - 104, 78 = 3*a + w - 0*w. What is the remainder when 50 is divided by a?
24
Let j(z) = z**3 + 3*z**2 - 6*z - 6. Let r be j(-4). Suppose 4*i + y = 510, -6*i + 3*i + 388 = -r*y. Calculate the remainder when i is divided by 44.
40
Suppose -102 = -3*a - 0*z - 3*z, -a = 2*z - 30. Let i be (-2)/3*3 + 4. Suppose -6*n + 56 = -i*n. Calculate the remainder when a is divided by n.
10
Let t(p) = -p**3 - 4*p**2 + 12*p - 10. Let v(r) = 0 - r**2 - 10*r + 0 - 7. Calculate the remainder when t(-7) is divided by v(-7).
11
Let h = -9 + 16. Suppose 4*g - h*g + 105 = 0. Let x = 39 + g. Calculate the remainder when x is divided by 25.
24
Let l(a) = -4*a + 3. Suppose 20 = -4*s + p + 57, 4*s = -3*p + 17. What is the remainder when ((-2814)/56)/((-6)/s) is divided by l(-5)?
21
Let j = -53 - -127. Suppose 3*x - 68 = 28. Let g = 51 - x. Calculate the remainder when j is divided by g.
17
Let q(u) = -u + 18. Let s be q(19). Calculate the remainder when -1 - s/(4/104) is divided by 7.
4
Let g = 111 - 22. What is the remainder when g is divided by 41?
7
Calculate the remainder when 157 is divided by (-11)/(616/63)*(-16)/2.
4
Let q = 31 + -14. Suppose 10*z - 50 = 5*z. Calculate the remainder when q is divided by z.
7
Suppose -g - 5*v - 13 = 0, 5*g = -0*g - v - 41. Let f be (3 + -10)/((-2)/g). Let a = f + 45. What is the remainder when 31 is divided by a?
14
Suppose -3 - 33 = -3*r. Suppose 3 - 24 = 3*x. Let o(p) = -p**2 - 14*p - 4. Calculate the remainder when o(x) is divided by r.
9
Let o = 40 + -40. Suppose -4*a + 8*a - 368 = o. Calculate the remainder when a is divided by 19.
16
Calculate the remainder when 86 is divided by 1240/52 + 10/65.
14
Let s = 45 - -35. Suppose 11*f - 252 = 2*f. Calculate the remainder when s is divided by f.
24
Suppose 0 = -2*y - 8 + 4. Let v(s) = -3*s**3 + 5*s + 3. Let r be v(y). Calculate the remainder when 66 is divided by (-3)/(-1)*r/3.
15
Let m be 4/(-8)*-8 - -45. Suppose -p + 35 = 5*s - 0*s, -3*p + m = s. Let t(v) = 9*v - 3. Calculate the remainder when t(5) is divided by p.
12
Suppose 4*m - 516 = -2*n, -m + 0*n = 3*n - 134. Calculate the remainder when m is divided by 20.
8
Suppose 13 = 4*l - s + 1, -3*l + 5*s + 26 = 0. Suppose -3*r = 13 - 46. Let z = r - l. Calculate the remainder when 35 is divided by z.
8
Let c = -331 + 405. What is the remainder when 146 is divided by c?
72
Let r = -53 - -94. Suppose -4*o + 32 = -2*o - 4*p, 12 = 4*p. What is the remainder when r is divided by o?
19
Suppose n - 28 + 96 = 2*s, -2*n = -s + 40. What is the remainder when 90 is divided by s?
26
What is the remainder when 60 is divided by (-8)/(-3)*(-213)/(-142)?
0
Let q(y) = -y - 16. Let z be q(-12). Let n be (122/(-4))/((-2)/z). Let c = n + 123. What is the remainder when c is divided by 32?
30
Suppose -h - 3*h + 3*g + 8 = 0, -5*h + 10 = -3*g. Suppose -h*p + 8 = -4. Calculate the remainder when 2 is divided by (-3)/6 - (-15)/p.
0
Let f = 1 - 0. Let b = -8162 - -8167. What is the remainder when 7 + 1/f + 1 is divided by b?
4
Let m(f) = -f + 25. Suppose 38*l = 242 + 24. What is the remainder when m(0) is divided by l?
4
Let c(t) be the third derivative of -t**4/24 + 17*t**3/6 + t**2. Suppose l = 2*m - 30 - 23, 5*m - 122 = -l. Calculate the remainder when m is divided by c(8).
7
Suppose 3*b + 3 = -5*x, 2*b - 5 = -2*x + x. Let z(y) = y**3 + 6*y**2 - y - 4. Let c be z(-6). Calculate the remainder when 5/((-20)/(-48)) - c is divided by b.
2
Let w be (-87)/(-12) + 2/(-8). Suppose w + 6 = o. What is the remainder when 50 is divided by o?
11
Let j = -79 + 79. Suppose -36 = -12*s - j. Suppose 3*r - r - 14 = 0. What is the remainder when r is divided by s?
1
Suppose 5*q - 205 = 2*x, -17*q + 4*x + 23 = -16*q. Calculate the remainder when 59 is divided by q.
16
Suppose 2 - 23 = -7*a. Suppose -16 + 52 = a*i. Calculate the remainder when i is divided by 7.
5
Let b = 20 - 4. Let z = -742 - -746. What is the remainder when b is divided by z?
0
What is the remainder when 1*24/(-132) + (-3194)/(-22) is divided by 21?
19
Suppose 0 = 4*c - g - 1, -2*c - g - 1 + 6 = 0. Suppose 3*a - 15 = -0*q + q, a = -q + c. What is the remainder when 19 is divided by a?
3
Let s(c) = -c**2 + 7*c - 1. Let d(n) be the first derivative of n**3/3 - n**2 + 2. What is the remainder when s(4) is divided by d(-1)?
2
Let g = 551 - 361. Calculate the remainder when g is divided by 12.
10
Let n = -141 + 166. Let x = -14 - -25. Calculate the remainder when n is divided by x.
3
Suppose 11*i - 7*i - 5*o = 588, i = 4*o + 158. Calculate the remainder when 328 is divided by i.
44
Suppose 15 + 6 = 3*u. Suppose 5*y + 3*q + u = -q, y + 3*q = -8. Calculate the remainder when 46 is divided by (y + -16)*(-4)/6.
6
What is the remainder when ((-276)/621)/(20/(-9) + 2) is divided by 1?
0
Let p(b) = -b**2 + 6*b + 3. Let n = -42 - -92. What is the remainder when (4/(-10))/((-1)/n) is divided by p(4)?
9
Let s(i) = 3*i + 24. Suppose 40 = 4*v + v. Calculate the remainder when s(v) is divided by 14.
6
Let x be -1 + -1 + 1 - -4. Suppose 5*d = -r - x*r - 6, -d - 2*r = 6. Calculate the remainder when (-1 + d)*1*36 is divided by 13.
10
Suppose 0 = -6*w + w + 25, 2*b = 4*w - 50. Let s = b - -22. Suppose -15 - 10 = -t. What is the remainder when t is divided by s?
4
Let h = 313 - 288. Calculate the remainder when h is divided by (1 + 4 + -2)*2.
1
Suppose -5*f - 18 = -108. What is the remainder when 71 is divided by f?
17
Suppose 4*n = 5*y + 12, -n - 5*y + 5 - 2 = 0. What is the remainder when n is divided by 3?
0
Let d(j) = -j**3 + 15*j**2 + 24*j - 93. What is the remainder when 165 is divided by d(16)?
25
Let d(g) = 9*g + 11. Let h(t) = 10*t + 12. Let v(f) = -3*d(f) + 2*h(f). What is the remainder when 96 is divided by v(-6)?
30
What is the remainder when 5*48 + (-3 - (-3 + -1)) is divided by 36?
25
Suppose -58*c + 320 = -54*c. What is the remainder when 82 is divided by c?
